2. Let r = h + j. What are the prime factors of r?
3
Suppose z + 4 = 3*w, 0*w - 16 = w + 4*z. Suppose -s + 27 = -5*r, w = 5*r - 8 - 7. List the prime factors of s.
2, 3, 7
Suppose 2*t - 10 - 108 = 0. List the prime factors of t.
59
Let f be 0 + 6 + 1 + -2. What are the prime factors of f/(-15)*4*-6?
2
Suppose -d = 5*j - 57, d = 3*j + 22 + 75. Let n = d - 32. List the prime factors of n.
2, 5
Let u(d) = -d**3 - 17*d**2 + 10*d - 31. What are the prime factors of u(-18)?
113
Let r be 0*3/12 + -4. Let s = 14 + r. What are the prime factors of s?
2, 5
Let g(f) = -11*f - 11. List the prime factors of g(-8).
7, 11
Suppose -5*c - 5*q = 6 + 9, -3*c + 12 = -4*q. Suppose c = -h - 0 + 5. List the prime factors of h.
5
Suppose -4*n + n + 5*m = 0, -2*n + 5*m = 0. Let h be 0 - (2 + 0 + n). List the prime factors of 1 - (-2 + -2) - h.
7
List the prime factors of 26/((-15)/6 + 3).
2, 13
Suppose -33 - 55 = -4*x. Suppose -2*u - 3*h = -x, 4*u + 10 - 54 = 2*h. List the prime factors of u.
11
List the prime factors of 3 + 30 + -1 - -2.
2, 17
Suppose 3*d = -12, 0 = 2*v - 2*d - 0*d - 10. What are the prime factors of 7*v + 4/(-2)?
5
Let g(x) = -x**3 + 8*x**2 - 2*x - 6. What are the prime factors of g(7)?
29
Let u(j) = -j**3 - j**2 + 8*j + 2. Let k(i) = -3*i**3 - 3*i**2 + 15*i + 4. Let d(o) = 3*k(o) - 5*u(o). What are the prime factors of d(-3)?
59
What are the prime factors of 34/3*3 - (-9)/(-3)?
31
Let h = 135 - 48. List the prime factors of h.
3, 29
Suppose 0 = -q - 4*m + 29, 99 = 3*q + 5*m + 19. List the prime factors of q.
5
What are the prime factors of -23*(-2)/(-2 - -3)?
2, 23
Let p(v) = -8*v - 1. Let j be p(-5). Suppose 0*o - 2*o = -3*q - j, -5*q = -4*o + 77. Suppose 4*f = 2*f + o. List the prime factors of f.
3
Let m be (-21)/14 - 6/4. Let o = 2 - m. List the prime factors of o.
5
Let n = -117 + 159. List the prime factors of n.
2, 3, 7
Let m(v) be the second derivative of -v**3/6 + 6*v**2 + 4*v. What are the prime factors of m(0)?
2, 3
Let d(a) = -15*a**2 + 12*a + 29. Let c(h) = -7*h**2 + 6*h + 14. Let t(u) = -13*c(u) + 6*d(u). List the prime factors of t(10).
2
Suppose -2*n = -n + 4. Let s = n - -7. List the prime factors of s.
3
Let n be -3 + (-1 - 2) + -1. Let v = 2 - n. What are the prime factors of v?
3
Let q be 1/(2 - 1)*5. List the prime factors of (0 - 2/q)*-15.
2, 3
Suppose 4*o = 0, -1 = h + 2*o - 0. Let a(v) = 14*v**2 + 5*v + 4. Let m(j) = j**2 + j + 1. Let z(i) = a(i) - 4*m(i). What are the prime factors of z(h)?
3
Let j = -6 - -4. Let w(n) = -n**3 - 2*n**2 - 2*n. Let a be w(j). What are the prime factors of ((-64)/(-6))/a*3?
2
Suppose 4*u = o - 22, -5*o - 4*u + 2*u = 0. List the prime factors of o.
2
Let j be (21/(-4))/((-3)/8). Suppose -1 = u + j. Let q = u - -35. List the prime factors of q.
2, 5
Suppose 5*w - 5*i = 40, i - 1 = -4*w + 6. List the prime factors of (-1)/(w - 28/9).
3
What are the prime factors of ((-88)/(-55))/(1/40)?
2
Let f(g) = 3*g**2 + 3*g - 1. Let a be f(-4). Let o = a - -10. What are the prime factors of o?
3, 5
Let k be (148/(-6))/(32/(-48)). Suppose 2*i - i + 5*r = -22, -5*r = -4*i + k. What are the prime factors of i?
3
Let x(n) = 15*n + 24. List the prime factors of x(3).
3, 23
Let s = -11 - -14. Suppose 4*r - d = 130, -3*r + s*d + 2*d + 106 = 0. What are the prime factors of r?
2
Suppose -2*w + b = 2*w + 15, 5*b = 2*w + 21. Let d be (-3)/(w/(-2)*1). Let k = d - -4. List the prime factors of k.
2
Suppose 0 = -q - 3*q. Suppose q - 16 = -5*f - v, 4 = 3*f + 2*v. Let a(y) = 2*y - 4. List the prime factors of a(f).
2
Suppose 5*r - 20 = 3*s + 2*s, -2*s - 1 = -r. Let u(d) = 3*d - 9. What are the prime factors of u(r)?
2, 3
Let b be 9/(-21) + 48/14. Suppose -5*n + 6 = -b*n. Suppose 48 = n*z + 6. List the prime factors of z.
2, 7
Suppose -2*y - 4*n - 14 = 0, -2*n - 9 - 7 = 4*y. Let u = y + 11. List the prime factors of 4/u - (-35)/2.
2, 3
Let j be 20/6 - (-2)/3. Suppose -2*y + j*y + 2 = 0. List the prime factors of (0 + 1)/(y/(-3)).
3
Let f(k) = -k**3 - 10*k**2 - 11*k - 12. Let j be f(-9). Let x(v) = -v**3 + 6*v**2 - v + 8. Let y be x(j). What are the prime factors of 3/y*(-28)/(-6)?
7
Let r(h) = h - 3. Let a be r(2). Let s be a/(-2) - 122/(-4). Let d = s + -20. List the prime factors of d.
11
Suppose -s = -2 - 2. What are the prime factors of s?
2
Let h = 217 - -38. What are the prime factors of h?
3, 5, 17
List the prime factors of (1 + 825/9)/(6/9).
139
What are the prime factors of (-32)/(-8)*(0 - (-310)/4)?
2, 5, 31
Suppose 3*y - 37 = -4*g, 0*g + g = 5*y - 8. Suppose 3*c + 32 = g*c. Let x = 6 + c. What are the prime factors of x?
2, 7
List the prime factors of 3429/24 - 1/(-8).
11, 13
List the prime factors of (237 - (-3 - -2)) + (11 - 11).
2, 7, 17
Let s(v) = -v**3 - v**2 - v - 15. Let a be s(0). Let g = a + 37. What are the prime factors of g?
2, 11
Let g be -1*6*(-5)/2. Suppose -21 - g = -c. What are the prime factors of c?
2, 3
Let r = -6 + 9. Suppose 14 - 2 = r*z. List the prime factors of z.
2
Let v(h) = h**2 + 4. What are the prime factors of v(6)?
2, 5
Let c = 5 - 14. What are the prime factors of (-24)/c + (-4)/6?
2
Suppose 0 = f - 3*f + 50. Let h = f - 12. What are the prime factors of h?
13
Suppose 2*g + 4*g - 222 = 0. What are the prime factors of g?
37
Let y be -1 + 0 + 3 - 4. Let j = y + 8. What are the prime factors of j/(-15) + 114/10?
11
Suppose 0 = 4*t + 3*f - 4 + 13, -f - 8 = 3*t. Let s(l) = -l**2 - 2*l + 1. Let z be s(t). Let u = z - -7. List the prime factors of u.
5
Let o(n) = n + 7. Suppose -2*d + 5*d + 3 = 0. Let j be ((-2)/d)/(4/(-10)). List the prime factors of o(j).
2
Let o = 24 + -7. What are the prime factors of o?
17
Suppose -4*m - 45 + 161 = 0. List the prime factors of m.
29
Let l be (5 - 2)/(4/140). Suppose 0*s = -5*s + l. Suppose -c + 2*c = s. What are the prime factors of c?
3, 7
Let w = 7 - 2. Suppose -w*b = -4 - 1. Let h = 14 + b. List the prime factors of h.
3, 5
Let m be ((-3)/(-3))/((-4)/(-140)). Let f = -10 + m. What are the prime factors of f?
5
Suppose j - 2*o = -4*j - 43, -j = -3*o + 19. What are the prime factors of 6 + j - (-6 - -1)?
2
Let t(z) be the first derivative of 1 + 1/3*z**3 + 6*z + 2*z**2. What are the prime factors of t(-5)?
11
Let o be 16*3*2/8. Let f(z) be the third derivative of -z**4/24 + 29*z**3/6 - z**2. What are the prime factors of f(o)?
17
Let x(a) = -2*a - 4. Let h(z) = -z**3 - 7*z**2 - 4*z + 5. Let k be h(-6). What are the prime factors of x(k)?
2, 5
Let l(k) = k + 137. List the prime factors of l(0).
137
Let y(o) = o**2 - o - 6. What are the prime factors of y(6)?
2, 3
Suppose -4*x + 0*g + 4 = -2*g, 0 = 5*g - 10. Suppose 2*y + 74 = 6*y + x*f, 0 = -y + 4*f + 14. List the prime factors of y.
2, 3
Let m be ((-17)/(-2))/((-1)/(-2)). List the prime factors of (-101)/(-2) + m/(-34).
2, 5
Let a(t) = -5 - 4*t - t**2 + 0*t**2 - 3*t + 2. Let f be (-6)/2*1/1. What are the prime factors of a(f)?
3
Suppose -2*r = -5*t + 18, -5*t + r + 24 = 5*r. Suppose -t*q = 4*c + 13 + 15, 0 = -q - 4*c - 22. List the prime factors of q/(((-3)/4)/3).
2
Suppose 4*h - 861 + 293 = -3*s, 5*s - h = 962. List the prime factors of s.
2, 3
What are the prime factors of 1047/9 - (-4)/6?
3, 13
What are the prime factors of (7 + 1)/((-2)/(-4))?
2
Suppose -b - 5*a = -9, -3*b + 2*a = 2*b + 63. Let t = -5 - b. Suppose y + 4 - t = 0. List the prime factors of y.
2
Let d(x) = x**2 - 10*x + 1. List the prime factors of d(13).
2, 5
Suppose 280 = -8*h + 2032. List the prime factors of h.
3, 73
Let x = 126 + -31. Suppose 33 = 4*z - x. What are the prime factors of z?
2
Suppose -3*l + 1199 = -4*g, -6*l = -l - g - 1970. List the prime factors of l.
3, 131
Let z(u) = 6*u + 59. List the prime factors of z(9).
113
List the prime factors of 228/4 - -4*(-2)/4.
5, 11
What are the prime factors of (-1)/4 - 1740/(-48)?
2, 3
Suppose i + 3 = 32. List the prime factors of i.
29
Suppose 0 = -w + 5*w. Suppose 2*d - 12 = -3*d - 2*g, -3*g + 3 = w. What are the prime factors of d?
2
Let o(d) = 2*d - 6. Let v be o(5). Suppose -7*r - 4*s + 4 = -3*r, 6 = 5*r + v*s. Suppose 0*u = r*u - 18. List the prime factors of u.
3
List the prime factors of 1*(1 + -5) - (-8424)/54.
2, 19
Let t = 42 + -23. What are the prime factors of t?
19
Suppose 4*w = 3*g + 57, -49 = 4*g + 3*w + 27. Let m = 16 + 11. Let y = m + g. List the prime 